{"id":379,"date":"2024-05-21T15:29:35","date_gmt":"2024-05-21T08:29:35","guid":{"rendered":"https:\/\/hoanongteva.com\/?post_type=product&#038;p=379"},"modified":"2026-03-23T06:27:29","modified_gmt":"2026-03-22T23:27:29","slug":"ray-teva-20sp","status":"publish","type":"product","link":"https:\/\/hoanongteva.com\/?product=ray-teva-20sp","title":{"rendered":"R\u1ea6Y TEVA 20SP"},"content":{"rendered":"<div><\/div>\n<h3 id=\"huong-dan-su-dung\">H\u01af\u1edaNG D\u1eaaN S\u1eec D\u1ee4NG<\/h3>\n<div>S\u1eed d\u1ee5ng 0,4kg thu\u1ed1c th\u00e0nh ph\u1ea9m cho 1 hecta. Pha 20 &#8211; 25g cho b\u00ecnh 25 l\u00edt ho\u1eb7c 200g cho 1 phuy 200 &#8211; 250 l\u00edt. L\u01b0\u1ee3ng n\u01b0\u1edbc phun 400 &#8211; 500 l\u00edt\/ hecta, phun khi r\u1ec7p m\u1edbi xu\u1ea5t hi\u1ec7n m\u1eadt \u0111\u1ed9 kho\u1ea3ng 5 &#8211; 10 con\/ ng\u1ecdn.<\/div>\n<div><strong>Ch\u00fa \u00fd<\/strong>: N\u00ean phun thu\u1ed1c v\u00e0o s\u00e1ng s\u1edbm ho\u1eb7c chi\u1ec1u m\u00e1t, thu\u1ed1c c\u00f3 th\u1ec3 \u0111\u01b0\u1ee3c pha tr\u1ed9n v\u1edbi thu\u1ed1c tr\u1eeb s\u00e2u, b\u1ec7nh kh\u00e1c, tr\u1eeb thu\u1ed1c c\u00f3 t\u00ednh ki\u1ec1m.<\/div>\n<div><strong>Th\u1eddi gian c\u00e1ch ly:<\/strong>\u00a014 ng\u00e0y tr\u01b0\u1edbc tr\u01b0\u1edbc thu ho\u1ea1ch. Kh\u00f4ng s\u1eed d\u1ee5ng Tace 20sp k\u1ec3 t\u1eeb khi l\u00faa tr\u1ed7.<\/div>\n<h3 id=\"huong-dan-an-toan\">H\u01af\u1edaNG D\u1eaaN AN TO\u00c0N<\/h3>\n<div><strong>H\u01af\u1edaNG D\u1eaaN AN TO\u00c0N:<\/strong>\u00a0Mang kh\u1ea9u trang, g\u0103ng tay, \u0111\u1ed3 b\u1ea3o h\u1ed9 lao \u0111\u1ed9ng khi ti\u1ebfp x\u00fac v\u1edbi thu\u1ed1c: Kh\u00f4ng h\u00fat thu\u1ed1c, \u0103n u\u1ed1ng khi phun thu\u1ed1c; Kh\u00f4ng r\u1eeda d\u1ee5ng c\u1ee5 phun thu\u1ed1c \u1edf ngu\u1ed3n n\u01b0\u1edbc sinh ho\u1ea1t v\u00e0 ao h\u1ed3 nu\u00f4i tr\u1ed3ng th\u1ee7y s\u1ea3n; Kh\u00f4ng s\u1eed d\u1ee5ng l\u1ea1i bao b\u00ec n\u00e0y d\u01b0\u1edbi m\u1ecdi h\u00ecnh th\u1ee9c. C\u1ea5t gi\u1eef thu\u1ed1c n\u01a1i an to\u00e0n xa ngu\u1ed3n th\u1ef1c ph\u1ea9m, xa t\u1ea7m v\u1edbi c\u1ee7a tr\u1ebb em.<\/div>\n<div><strong>S\u01a0 C\u1ea4P C\u1ee8U:<\/strong>\u00a0N\u1ebfu thu\u1ed1c d\u00ednh v\u00e0o da, v\u00e0o m\u1eaft ph\u1ea3i r\u1eeda nhi\u1ec1u l\u1ea7n d\u01b0\u1edbi v\u00f2i n\u01b0\u1edbc s\u1ea1ch: N\u1ebfu nu\u1ed1t ph\u1ea3i thu\u1ed1c, c\u1ea7n \u0111\u01b0a ngay n\u1ea1n nh\u00e2n \u0111\u1ebfn s\u1edf y t\u1ebf g\u1ea7n nh\u1ea5t v\u00e0 mang theo nh\u00e3n thu\u1ed1c g\u00e2y ng\u1ed9 \u0111\u1ed9c tr\u00ecnh B\u00e1c s\u0129 \u0111\u1ec3 c\u00f3 h\u01b0\u1edbng \u0111i\u1ec1u<\/div>\n","protected":false},"excerpt":{"rendered":"<div>R\u1ea6Y TEVA 20SP (TACE 20SP) l\u00e0 thu\u1ed1c tr\u1eeb s\u00e2u, c\u00f3 t\u00e1c \u0111\u1ed9ng ti\u1ebfp x\u00fac, v\u1ecb \u0111\u1ed9c v\u00e0 l\u01b0u d\u1eabn m\u1ea1nh, ph\u1ed5 t\u00e1c d\u1ee5ng r\u1ed9ng, hi\u1ec7u qu\u1ea3 di\u1ec7t tr\u1eeb nhanh v\u00e0 k\u00e9o d\u00e0i \u0111\u1ed1i v\u1edbi R\u1ea7y, r\u1ec7p v\u00e0 c\u00e1c lo\u1ea1i c\u00f4n tr\u00f9ng ch\u00edch h\u00fat.<\/div>\n<div>&#8211; Tace 20sp \u0111\u0103ng k\u00fd R\u1ec7p mu\u1ed9i g\u00e2y h\u1ea1i \u0111\u1eadu t\u01b0\u01a1ng.<\/div>\n<div>Ho\u1ea1t ch\u1ea5t : Acetamiprid 20%<\/div>\n","protected":false},"featured_media":380,"comment_status":"open","ping_status":"closed","template":"","meta":[],"product_cat":[74,70],"product_tag":[80,85,86,79,78],"class_list":{"0":"post-379","1":"product","2":"type-product","3":"status-publish","4":"has-post-thumbnail","6":"product_cat-hoa-hoc","7":"product_cat-thuoc-tru-sau","8":"product_tag-hoa-nong-teva","9":"product_tag-ray-teva-20sp","10":"product_tag-tace-20sp","11":"product_tag-thuoc-hoa-hoc","12":"product_tag-thuoc-tru-sau","13":"pa_100-83","15":"first","16":"instock","17":"shipping-taxable","18":"product-type-simple","19":"add-to-wishlist-after_add_to_cart"},"_links":{"self":[{"href":"https:\/\/hoanongteva.com\/index.php?rest_route=\/wp\/v2\/product\/379","targetHints":{"allow":["GET"]}}],"collection":[{"href":"https:\/\/hoanongteva.com\/index.php?rest_route=\/wp\/v2\/product"}],"about":[{"href":"https:\/\/hoanongteva.com\/index.php?rest_route=\/wp\/v2\/types\/product"}],"replies":[{"embeddable":true,"href":"https:\/\/hoanongteva.com\/index.php?rest_route=%2Fwp%2Fv2%2Fcomments&post=379"}],"wp:featuredmedia":[{"embeddable":true,"href":"https:\/\/hoanongteva.com\/index.php?rest_route=\/wp\/v2\/media\/380"}],"wp:attachment":[{"href":"https:\/\/hoanongteva.com\/index.php?rest_route=%2Fwp%2Fv2%2Fmedia&parent=379"}],"wp:term":[{"taxonomy":"product_cat","embeddable":true,"href":"https:\/\/hoanongteva.com\/index.php?rest_route=%2Fwp%2Fv2%2Fproduct_cat&post=379"},{"taxonomy":"product_tag","embeddable":true,"href":"https:\/\/hoanongteva.com\/index.php?rest_route=%2Fwp%2Fv2%2Fproduct_tag&post=379"}],"curies":[{"name":"wp","href":"https:\/\/api.w.org\/{rel}","templated":true}]}}