{"id":388,"date":"2024-05-21T16:05:25","date_gmt":"2024-05-21T09:05:25","guid":{"rendered":"https:\/\/hoanongteva.com\/?post_type=product&#038;p=388"},"modified":"2025-10-23T06:35:34","modified_gmt":"2025-10-22T23:35:34","slug":"bach-tuong-64ec","status":"publish","type":"product","link":"https:\/\/hoanongteva.com\/?product=bach-tuong-64ec","title":{"rendered":"B\u1ea0CH T\u01af\u1ee2NG 64EC"},"content":{"rendered":"<p><strong>H\u01b0\u1edbng d\u1eabn s\u1eed d\u1ee5ng:<\/strong><\/p>\n<table>\n<tbody>\n<tr>\n<td width=\"156\">C\u00e2y tr\u1ed3ng<\/td>\n<td width=\"156\">Ph\u00f2ng tr\u1eeb<\/td>\n<td width=\"156\">Li\u1ec1u l\u01b0\u1ee3ng<\/td>\n<td width=\"156\">C\u00e1ch d\u00f9ng<\/td>\n<\/tr>\n<tr>\n<td width=\"156\">Nh\u00e3n<\/td>\n<td width=\"156\">Nh\u1ec7n l\u00f4ng nhung<\/td>\n<td width=\"156\">0.1%<\/td>\n<td width=\"156\">Phun \u01b0\u1edbt \u0111\u1ec1u c\u00e2y<\/td>\n<\/tr>\n<tr>\n<td width=\"156\">L\u00faa<\/td>\n<td width=\"156\">R\u1ea7y n\u00e2u, S\u00e2u cu\u1ed1n l\u00e1<\/td>\n<td width=\"156\">0.15-2 l\u00edt\/ha<\/td>\n<td width=\"156\">L\u01b0\u1ee3ng n\u01b0\u1edbc phun 320 l\u00edt\/ha<\/td>\n<\/tr>\n<tr>\n<td width=\"156\">L\u1ea1c<\/td>\n<td width=\"156\">S\u00e2u xanh da l\u00e1ng<\/td>\n<td width=\"156\">0.5 l\u00edt\/ha<\/td>\n<td width=\"156\">L\u01b0\u1ee3ng n\u01b0\u1edbc phun 400-600 l\u00edt\/ha<\/td>\n<\/tr>\n<tr>\n<td width=\"156\">Cam<\/td>\n<td width=\"156\">Nh\u1ec7n \u0111\u1ecf<\/td>\n<td width=\"156\">0.02-0.03%<\/td>\n<td width=\"156\">Phun \u01b0\u1edbt \u0111\u1ec1u c\u00e2y<\/td>\n<\/tr>\n<\/tbody>\n<\/table>\n<p><strong>\u00a0<\/strong><\/p>\n<p><strong>H\u01b0\u1edbng d\u1eabn an to\u00e0n:<\/strong><\/p>\n<ul>\n<li>M\u1eb7c b\u1ea3o h\u1ed9 khi pha ho\u1eb7c phun s\u1ea3n ph\u1ea9m<\/li>\n<li>Kh\u00f4ng phun thu\u1ed1c ng\u01b0\u1ee3c chi\u1ec1u gi\u00f3<\/li>\n<li>Kh\u00f4ng \u0103n u\u1ed1ng, h\u00fat thu\u1ed1c khi pha v\u00e0 phun thu\u1ed1c.<\/li>\n<li>Tr\u00e1nh ti\u1ebfp x\u00fac v\u1edbi da, m\u1eaft, qu\u1ea7n \u00e1o<\/li>\n<li>Kh\u00f4ng \u0111\u1ed5 s\u1ea3n ph\u1ea9m th\u1eeba xu\u1ed1ng ngu\u1ed3n n\u01b0\u1edbc sinh ho\u1ea1t<\/li>\n<li>B\u1ea3o qu\u1ea3n thu\u1ed1c n\u01a1i kh\u00f4 m\u00e1t, xa th\u1ef1c ph\u1ea9m, xa t\u1ea7m tay tr\u1ebb em.<\/li>\n<\/ul>\n<p><strong>H\u01b0\u1edbng d\u1eabn s\u01a1 c\u1ee9u:<\/strong><\/p>\n<ul>\n<li>Thu\u1ed1c d\u00ednh v\u00e0o m\u1eaft ph\u1ea3i r\u1eeda ngay b\u1eb1ng n\u01b0\u1edbc s\u1ea1ch trong 15 ph\u00fat.<\/li>\n<li>Thu\u1ed1c d\u00ednh v\u00e0o da r\u1eeda ngay b\u1eb1ng n\u01b0\u1edbc s\u1ea1ch v\u00e0 x\u00e0 ph\u00f2ng.<\/li>\n<li>Ng\u1ed9 \u0111\u1ed9c do nu\u1ed1t ph\u1ea3i thu\u1ed1c ph\u1ea3i \u0111\u01b0a \u0111\u1ebfn b\u1ec7nh vi\u1ec7n k\u00e8m theo nh\u00e3n thu\u1ed1c.<\/li>\n<\/ul>\n","protected":false},"excerpt":{"rendered":"<p><strong>Ho\u1ea1t ch\u1ea5t:<\/strong><\/p>\n<ul>\n<li>Emamectin benzoate\u2026\u202660g\/l<\/li>\n<\/ul>\n<p><strong>C\u00f4ng d\u1ee5ng:<\/strong><\/p>\n<ul>\n<li>\u0110\u1eb7c tr\u1ecb nh\u1ec7n \u0111\u1ecf, nh\u1ec7n l\u00f4ng nhung, s\u00e2u da l\u00e1ng, r\u1ea7y n\u00e2u, s\u00e2u cu\u1ed1n l\u00e1<\/li>\n<li>T\u00e1c \u0111\u1ed9ng n\u1ed9i h\u1ea5p l\u01b0u d\u1eabn nhanh kh\u1ed1ng ch\u1ebf ngay c\u00e1c loai s\u00e2u r\u1ea7y h\u1ea1i c\u00e2y tr\u1ed3ng, hi\u1ec7u l\u1ef1c tr\u1eeb s\u00e2u k\u00e9o d\u00e0i.<\/li>\n<\/ul>\n","protected":false},"featured_media":389,"comment_status":"open","ping_status":"closed","template":"","meta":[],"product_cat":[75,70],"product_tag":[92,91,80,87,78],"class_list":{"0":"post-388","1":"product","2":"type-product","3":"status-publish","4":"has-post-thumbnail","6":"product_cat-sinh-hoc","7":"product_cat-thuoc-tru-sau","8":"product_tag-bach-tuong","9":"product_tag-bachtuong-64ec","10":"product_tag-hoa-nong-teva","11":"product_tag-thuoc-sinh-hoc","12":"product_tag-thuoc-tru-sau","14":"first","15":"instock","16":"shipping-taxable","17":"product-type-simple","18":"add-to-wishlist-after_add_to_cart"},"_links":{"self":[{"href":"https:\/\/hoanongteva.com\/index.php?rest_route=\/wp\/v2\/product\/388","targetHints":{"allow":["GET"]}}],"collection":[{"href":"https:\/\/hoanongteva.com\/index.php?rest_route=\/wp\/v2\/product"}],"about":[{"href":"https:\/\/hoanongteva.com\/index.php?rest_route=\/wp\/v2\/types\/product"}],"replies":[{"embeddable":true,"href":"https:\/\/hoanongteva.com\/index.php?rest_route=%2Fwp%2Fv2%2Fcomments&post=388"}],"wp:featuredmedia":[{"embeddable":true,"href":"https:\/\/hoanongteva.com\/index.php?rest_route=\/wp\/v2\/media\/389"}],"wp:attachment":[{"href":"https:\/\/hoanongteva.com\/index.php?rest_route=%2Fwp%2Fv2%2Fmedia&parent=388"}],"wp:term":[{"taxonomy":"product_cat","embeddable":true,"href":"https:\/\/hoanongteva.com\/index.php?rest_route=%2Fwp%2Fv2%2Fproduct_cat&post=388"},{"taxonomy":"product_tag","embeddable":true,"href":"https:\/\/hoanongteva.com\/index.php?rest_route=%2Fwp%2Fv2%2Fproduct_tag&post=388"}],"curies":[{"name":"wp","href":"https:\/\/api.w.org\/{rel}","templated":true}]}}