{"id":397,"date":"2024-05-21T16:26:39","date_gmt":"2024-05-21T09:26:39","guid":{"rendered":"https:\/\/hoanongteva.com\/?post_type=product&#038;p=397"},"modified":"2026-04-29T12:14:38","modified_gmt":"2026-04-29T05:14:38","slug":"ledan-4gr","status":"publish","type":"product","link":"https:\/\/hoanongteva.com\/?product=ledan-4gr","title":{"rendered":"LEDAN 4GR"},"content":{"rendered":"<ul>\n<li><strong>LEDAN 4GR\u00a0<\/strong>di\u1ec7t tr\u1ee9ng, s\u00e2u non v\u00e0 tr\u01b0\u1edfng th\u00e0nh s\u00e2u mi\u1ec7ng nhai, mi\u1ec7ng ch\u00edch h\u00fat.<\/li>\n<li><strong>LEDAN 4GR\u00a0<\/strong>ng\u0103n ch\u1eb7n s\u1ef1 d\u1eabn truy\u1ec1n axetylcholin l\u00e0m c\u00f4n tr\u00f9ng b\u1ecb t\u00ea li\u1ec7t, ng\u1eebng \u0103n v\u00e0 ch\u1ebft<\/li>\n<\/ul>\n","protected":false},"excerpt":{"rendered":"<p>&nbsp;<\/p>\n<h3><strong>T\u00cdNH N\u0102NG T\u00c1C D\u1ee4NG<\/strong><\/h3>\n<ul>\n<li><strong>LEDAN 4GR\u00a0<\/strong>l\u00e0 thu\u1ed1c tr\u1eeb s\u00e2u d\u1ea1ng h\u1ea1t c\u00f3 t\u00e1c \u0111\u1ed9ng ti\u1ebfp x\u00fac, v\u1ecb \u0111\u1ed9c v\u00e0 l\u01b0u d\u1eabn m\u1ea1nh, ti\u00eau di\u1ec7t nhanh s\u00e2u h\u1ea1i gi\u00fap nh\u00e0 n\u00f4ng y\u00ean t\u00e2m canh t\u00e1c<\/li>\n<li><strong>LEDAN 4GR\u00a0<\/strong>r\u1ea5t hi\u1ec7u \u0111\u1ed1i v\u1edbi s\u00e2u \u0111\u1ee5c th\u00e2n v\u00e0 c\u00e1c lo\u1ea1i s\u00e2u h\u1ea1i kh\u00e1c<\/li>\n<\/ul>\n","protected":false},"featured_media":398,"comment_status":"open","ping_status":"closed","template":"","meta":[],"product_cat":[74,70],"product_tag":[80,102,100,101,103,79,78],"class_list":{"0":"post-397","1":"product","2":"type-product","3":"status-publish","4":"has-post-thumbnail","6":"product_cat-hoa-hoc","7":"product_cat-thuoc-tru-sau","8":"product_tag-hoa-nong-teva","9":"product_tag-ledan","10":"product_tag-ledan-4gr","11":"product_tag-ledan4gr","12":"product_tag-sieutuyentrung","13":"product_tag-thuoc-hoa-hoc","14":"product_tag-thuoc-tru-sau","16":"first","17":"instock","18":"shipping-taxable","19":"product-type-simple","20":"add-to-wishlist-after_add_to_cart"},"_links":{"self":[{"href":"https:\/\/hoanongteva.com\/index.php?rest_route=\/wp\/v2\/product\/397","targetHints":{"allow":["GET"]}}],"collection":[{"href":"https:\/\/hoanongteva.com\/index.php?rest_route=\/wp\/v2\/product"}],"about":[{"href":"https:\/\/hoanongteva.com\/index.php?rest_route=\/wp\/v2\/types\/product"}],"replies":[{"embeddable":true,"href":"https:\/\/hoanongteva.com\/index.php?rest_route=%2Fwp%2Fv2%2Fcomments&post=397"}],"wp:featuredmedia":[{"embeddable":true,"href":"https:\/\/hoanongteva.com\/index.php?rest_route=\/wp\/v2\/media\/398"}],"wp:attachment":[{"href":"https:\/\/hoanongteva.com\/index.php?rest_route=%2Fwp%2Fv2%2Fmedia&parent=397"}],"wp:term":[{"taxonomy":"product_cat","embeddable":true,"href":"https:\/\/hoanongteva.com\/index.php?rest_route=%2Fwp%2Fv2%2Fproduct_cat&post=397"},{"taxonomy":"product_tag","embeddable":true,"href":"https:\/\/hoanongteva.com\/index.php?rest_route=%2Fwp%2Fv2%2Fproduct_tag&post=397"}],"curies":[{"name":"wp","href":"https:\/\/api.w.org\/{rel}","templated":true}]}}